{"id":164,"date":"2011-01-12T07:52:45","date_gmt":"2011-01-12T06:52:45","guid":{"rendered":"http:\/\/svarthaletracing.se\/?page_id=164"},"modified":"2011-01-12T07:52:45","modified_gmt":"2011-01-12T06:52:45","slug":"jim","status":"publish","type":"page","link":"https:\/\/svarthaletracing.se\/?page_id=164","title":{"rendered":"Jim"},"content":{"rendered":"<p><a href=\"http:\/\/svarthaletracing.se\/wp-content\/uploads\/2011\/01\/jag.jpg\"><img loading=\"lazy\" decoding=\"async\" class=\"alignright size-full wp-image-166\" title=\"jag\" src=\"http:\/\/svarthaletracing.se\/wp-content\/uploads\/2011\/01\/jag.jpg\" alt=\"\" width=\"302\" height=\"225\" srcset=\"https:\/\/svarthaletracing.se\/wp-content\/uploads\/2011\/01\/jag.jpg 302w, https:\/\/svarthaletracing.se\/wp-content\/uploads\/2011\/01\/jag-300x223.jpg 300w\" sizes=\"auto, (max-width: 302px) 100vw, 302px\" \/><\/a>Har under dom senaste 5 (6?) \u00e5ren suttit i styrelsen f\u00f6r Dragracing-klubben SHRA \u00d6stersund och d\u00e4rigenom turnerat runt i Sverige som funktion\u00e4r p\u00e5 diverse Dragracing-t\u00e4vlingar. Dock \u00e4r det t\u00e4nkt att arbetandet ska bytas mot framf\u00f6rande av eget fordon under 2011. Fordonet ifr\u00e5ga \u00e4r en -70 Pontiac Firebird med l\u00e4tt v\u00e4ssad 455&#8243;.<\/p>\n<p>Arbetar till vardags som CNC-operat\u00f6r p\u00e5 Nord-Lock i Halabacken. Ja,\u00a0och s\u00e5 l\u00e4gger man sig ju i lite \u00f6verallt d\u00e4r det ser ut att beh\u00f6vas&#8230;<\/p>\n<p>\u00c4r allm\u00e4nt intresserad av allt tekniskt och d\u00e5 i synnerhet saker som det g\u00e5r att k\u00f6ra oh\u00e4lsosamt fort med. S\u00e5 n\u00e4r tillf\u00e4llet att hj\u00e4lpa till med ett Jetskoter-bygge d\u00f6k upp gick det ju liksom inte att s\u00e4ga nej.<\/p>\n","protected":false},"excerpt":{"rendered":"<p>Har under dom senaste 5 (6?) \u00e5ren suttit i styrelsen f\u00f6r Dragracing-klubben SHRA \u00d6stersund och d\u00e4rigenom turnerat runt i Sverige som funktion\u00e4r p\u00e5 diverse Dragracing-t\u00e4vlingar. Dock \u00e4r det t\u00e4nkt att arbetandet ska bytas mot framf\u00f6rande av eget fordon under 2011. &hellip; <a href=\"https:\/\/svarthaletracing.se\/?page_id=164\">Forts\u00e4tt l\u00e4sa <span class=\"meta-nav\">&rarr;<\/span><\/a><\/p>\n","protected":false},"author":4,"featured_media":0,"parent":2,"menu_order":0,"comment_status":"open","ping_status":"open","template":"","meta":{"footnotes":""},"class_list":["post-164","page","type-page","status-publish","hentry"],"_links":{"self":[{"href":"https:\/\/svarthaletracing.se\/index.php?rest_route=\/wp\/v2\/pages\/164","targetHints":{"allow":["GET"]}}],"collection":[{"href":"https:\/\/svarthaletracing.se\/index.php?rest_route=\/wp\/v2\/pages"}],"about":[{"href":"https:\/\/svarthaletracing.se\/index.php?rest_route=\/wp\/v2\/types\/page"}],"author":[{"embeddable":true,"href":"https:\/\/svarthaletracing.se\/index.php?rest_route=\/wp\/v2\/users\/4"}],"replies":[{"embeddable":true,"href":"https:\/\/svarthaletracing.se\/index.php?rest_route=%2Fwp%2Fv2%2Fcomments&post=164"}],"version-history":[{"count":2,"href":"https:\/\/svarthaletracing.se\/index.php?rest_route=\/wp\/v2\/pages\/164\/revisions"}],"predecessor-version":[{"id":168,"href":"https:\/\/svarthaletracing.se\/index.php?rest_route=\/wp\/v2\/pages\/164\/revisions\/168"}],"up":[{"embeddable":true,"href":"https:\/\/svarthaletracing.se\/index.php?rest_route=\/wp\/v2\/pages\/2"}],"wp:attachment":[{"href":"https:\/\/svarthaletracing.se\/index.php?rest_route=%2Fwp%2Fv2%2Fmedia&parent=164"}],"curies":[{"name":"wp","href":"https:\/\/api.w.org\/{rel}","templated":true}]}}